{"id":1305,"date":"2020-01-16T15:48:10","date_gmt":"2020-01-16T15:48:10","guid":{"rendered":"https:\/\/controlagro.com.ar\/catalogohexagon\/?page_id=1305"},"modified":"2020-04-09T15:13:11","modified_gmt":"2020-04-09T15:13:11","slug":"membership-join","status":"publish","type":"page","link":"https:\/\/controlagro.com.ar\/catalogohexagon\/membership-join\/","title":{"rendered":"Unete a nuestro equipo"},"content":{"rendered":"<h3 style=\"font-weight: bold;\">Para acceder al Cat\u00e1logo, por favor complete sus datos.<\/h3>\n<hr \/>\n\n\n<div class=\"wp-block-button\"><a class=\"wp-block-button__link has-background\" href=\"https:\/\/controlagro.com.ar\/catalogohexagon\/membership-registration\/\" style=\"background-color:#04772a;border-radius:5px\">Reg\u00edstrese<\/a><\/div>\n\n\n\n<p>Los datos ser\u00e1n verificados y se le informar\u00e1 a su email de registro cuando se active su usuario y contrase\u00f1a en nuestro servidor. Muchas Gracias.<\/p>\n\n\n\n<div class=\"wp-block-button\"><a class=\"wp-block-button__link has-text-color has-very-dark-gray-color has-background has-luminous-vivid-amber-background-color\" href=\"https:\/\/controlagro.com.ar\/catalogohexagon\/membership-login\/\" style=\"border-radius:4px\">Ya soy usuario<\/a><\/div>\n\n\n\n<div style=\"height:122px\" aria-hidden=\"true\" class=\"wp-block-spacer\"><\/div>\n","protected":false},"excerpt":{"rendered":"<p>Para acceder al Cat\u00e1logo, por favor complete sus datos. Los datos ser\u00e1n verificados y se le informar\u00e1 a su email de registro cuando se active&hellip;<\/p>\n","protected":false},"author":3,"featured_media":0,"parent":0,"menu_order":0,"comment_status":"closed","ping_status":"closed","template":"","meta":[],"_links":{"self":[{"href":"https:\/\/controlagro.com.ar\/catalogohexagon\/wp-json\/wp\/v2\/pages\/1305"}],"collection":[{"href":"https:\/\/controlagro.com.ar\/catalogohexagon\/wp-json\/wp\/v2\/pages"}],"about":[{"href":"https:\/\/controlagro.com.ar\/catalogohexagon\/wp-json\/wp\/v2\/types\/page"}],"author":[{"embeddable":true,"href":"https:\/\/controlagro.com.ar\/catalogohexagon\/wp-json\/wp\/v2\/users\/3"}],"replies":[{"embeddable":true,"href":"https:\/\/controlagro.com.ar\/catalogohexagon\/wp-json\/wp\/v2\/comments?post=1305"}],"version-history":[{"count":7,"href":"https:\/\/controlagro.com.ar\/catalogohexagon\/wp-json\/wp\/v2\/pages\/1305\/revisions"}],"predecessor-version":[{"id":1597,"href":"https:\/\/controlagro.com.ar\/catalogohexagon\/wp-json\/wp\/v2\/pages\/1305\/revisions\/1597"}],"wp:attachment":[{"href":"https:\/\/controlagro.com.ar\/catalogohexagon\/wp-json\/wp\/v2\/media?parent=1305"}],"curies":[{"name":"wp","href":"https:\/\/api.w.org\/{rel}","templated":true}]}}